)/(-2). Suppose 4*j - 4*w - 44 = 0, -4*j - 2 + 40 = 2*w. Calculate the remainder when 47 is divided by (24/u)/(j/(-35)).
11
Let q(g) = -180*g + 2679. Calculate the remainder when q(-27) is divided by 19.
15
Let o = 10394 + -10381. Calculate the remainder when 21253 is divided by o.
11
Let f(y) = -5*y**3 - 13*y - 30. Let t(d) = -9*d**3 + d**2 - 26*d - 62. Let c(g) = -11*f(g) + 6*t(g). Calculate the remainder when 104 is divided by c(-6).
32
Let h = -22 + 34. Let v(x) = 2*x**2 + 230*x - 3530. Calculate the remainder when v(-129) is divided by h.
10
Suppose -3*w = -4*h - 101, 12 = 2*w + 2*h - 46. Let p = 129 - w. Calculate the remainder when p is divided by 45.
8
Suppose 6 = 30*u - 33*u, -s + 676 = 5*u. What is the remainder when s is divided by 232?
222
Let p(y) = 2 - 4 - 10*y + 3. Let m(j) = -60*j + 43. Calculate the remainder when m(0) is divided by p(-1).
10
What is the remainder when 18/(-42) - -1 - (-118)/14 is divided by (-1)/((-1)/1*1)?
0
Let c(j) = -9*j + 187. Calculate the remainder when 84 is divided by c(13).
14
Let g = -23540 + 23605. Calculate the remainder when 1423 is divided by g.
58
Let j(b) = 30*b - 2. Let v be j(7). Let o = 367 - v. Suppose 4*k + 51 = -5*g + 168, -5*k + o = 2*g. What is the remainder when k is divided by 17?
16
Let k = 157486 + -157472. Let a(c) = 12*c - 1. Calculate the remainder when a(3) is divided by k.
7
Let k = 24295 - 23370. Calculate the remainder when k is divided by 157.
140
Suppose -3*z = 2*y - 67, 5*y - 3*z = -86 + 222. What is the remainder when y is divided by 6?
5
Let p(z) = z**2 + 17*z - 334. Let j = 19 - 0. Calculate the remainder when p(13) is divided by j.
18
Suppose -5*m + 291 = -4*s + 25206, 3*s = -4*m + 18725. Calculate the remainder when s is divided by 65.
60
Let p(i) = i**3 + 12*i**2 - 3*i + 13. Let w be (2 - 9 - -73) + (1 - -1). Suppose -66*s = -w*s + 20. What is the remainder when p(-12) is divided by s?
9
Let m(q) = q**3 + 3*q**2 - 4*q + 2. Let j be m(-4). Suppose 0 = 3*a + j*a - 120. Suppose -5*i - 133 + 723 = 0. Calculate the remainder when i is divided by a.
22
Calculate the remainder when 730 is divided by (-24381)/243*(-9)/21.
42
Let t(g) = -50 + 14*g + 18 - 9*g + 2*g. Suppose 3*v - 4*a - 23 = -0*v, 0 = -5*v + 4*a + 49. What is the remainder when t(v) is divided by 30?
29
Let k(l) = -2*l + 59. Let t be k(29). Suppose 3 = 2*w - 23. What is the remainder when w is divided by (-4 - 96/(-21))/(t/7)?
1
Let c(p) = 5*p**3 - 3*p**2 + 5*p - 3. Let t be c(-3). Let a = t + 192. What is the remainder when a is divided by 3?
0
Let f = 696 + -678. Let c(x) = 13*x - 219. Calculate the remainder when 24 is divided by c(f).
9
Let i(u) = u**3 + 13*u**2 - 65*u + 21. What is the remainder when 369 is divided by i(4)?
6
Suppose 3*h + 6 - 12 = 0. Calculate the remainder when h/(-4)*(-11 - 3 - 6) is divided by 7.
3
Suppose -4*x = 9*x - 729 + 53. Calculate the remainder when 287 is divided by x.
27
Suppose 124 = 2*r - 2*b, -4*r = -2*b - 136 - 108. What is the remainder when 774 is divided by r?
54
Suppose 24 = 5*u - 4*c - 299, -u - 2*c + 73 = 0. Let v = 733 + -702. What is the remainder when u is divided by v?
5
Let h(g) be the second derivative of g**5/20 - 11*g**4/12 + 9*g**3/2 - 13*g**2/2 - 115*g. What is the remainder when h(9) is divided by 8?
4
Suppose 671*m + 2*x + 2132 = 673*m, 0 = -m - 2*x + 1069. What is the remainder when m is divided by 157?
125
Let h = -8 + 10. Suppose 5*d = 2*w + 5, d = -d + 2. Suppose 3*b + 12 = h*r, -3*r + 23 = -2*b - w*b. Calculate the remainder when 14 is divided by r.
5
Let w = -4529 + 4652. Calculate the remainder when 575 is divided by w.
83
Let z be 3*3 - (-21 + 26). Suppose 0 = z*x + 8*x - 792. What is the remainder when 196 is divided by x?
64
Suppose -5*m + 4*x = -1008, -37*m = -32*m - 3*x - 1011. What is the remainder when 381 is divided by m?
177
Let o(p) = -p**3 + 2*p**2 + 4*p - 5. Suppose 11 - 5 = 3*l. Suppose l*x + 10 = 7*x. Calculate the remainder when 9 is divided by o(x).
0
Suppose 0 = 3*r - 42*r + 51012. Calculate the remainder when r is divided by 17.
16
Let i(v) = 687*v + 14803. Calculate the remainder when i(-19) is divided by 579.
13
Let s(y) = y**3 - 6*y**2 + 3*y - 8. Let h be s(6). Let q = 460 - 403. What is the remainder when q is divided by (h/1)/(5/10)?
17
Suppose k = 3*k - 118. Let i(d) = 36*d**2 + 25*d - 30. What is the remainder when k is divided by i(1)?
28
Let o(x) = -244*x + 22229. Calculate the remainder when (-471)/(-2)*40/30 is divided by o(91).
14
Suppose 8*r - 378 = -r. Let z = 713 + -463. What is the remainder when z is divided by r?
40
Let q be (-2)/(-9) + 34/9. Suppose 5*i + 160 = 5*m, 5*i - 119 = -0*m - q*m. What is the remainder when 154 is divided by m?
30
Suppose 139*p - 7488 = 127*p. What is the remainder when p is divided by 28?
8
Let b(k) = 8*k + 2. Let v(l) = -l**2 + 11*l - 26. Let p be v(6). Let u be b(p). Let m = 69 - u. Calculate the remainder when 101 is divided by m.
31
Suppose -x - 804 = 5*j - 10*j, -140 = -j - 5*x. Suppose 155*g = j*g - 4935. Calculate the remainder when g is divided by 9.
6
Suppose -5*a + 12 = 2. Suppose a*h = 4*l + 54, 10*h - 90 = 5*h + l. Let m = -4885 - -4915. Calculate the remainder when m is divided by h.
13
Suppose 0 = -2*s - 2*y + 416, 3*y = 9 + 6. Let n = -134 + s. What is the remainder when n is divided by 12?
9
Suppose 3*h = -9 + 15, 0 = 2*a - 3*h - 100. Suppose a = 6*w - 19. What is the remainder when w is divided by 8?
4
Let y = 7648 - 7451. Calculate the remainder when 392 is divided by y.
195
Let p be 6/(-4) - (-39)/26. Suppose 9*s + p - 54 = 0. Calculate the remainder when 95 is divided by s.
5
Let n(o) = 15*o**2 + 9*o - 11. Let w be n(3). Let u = 163 - w. Suppose f - 40 - 55 = 5*b, -2*f - 3*b + 125 = 0. Calculate the remainder when f is divided by u.
10
Suppose 61 = 5*q - l, -74*l + 75*l - 47 = -4*q. Calculate the remainder when 7786 is divided by q.
10
Let g(d) be the third derivative of d**6/60 - d**5/10 - d**4/12 - 5*d**3/2 - 14*d**2. Calculate the remainder when g(5) is divided by 38.
37
Let w be 5 + -4 + (2 - -1). Suppose 2*l = -3*i + 1 + 2, w*l = -i + 11. Suppose -2*o - o = -48. What is the remainder when o is divided by l?
1
Let g(x) = 6*x**3 + 242*x**2 + 64*x + 710. What is the remainder when g(-35) is divided by 136?
134
Let c = -47 + 71. Let v(i) = 21*i**2 - 188*i + 18. What is the remainder when v(9) is divided by c?
3
Suppose 414 - 851 + 417 = -4*u. Calculate the remainder when 145 is divided by u.
0
Suppose 3*l + 1242 = -8*r + 143, -363 = l + r. Let m = l + 382. What is the remainder when 41 is divided by m?
20
Suppose 0 = t + 3*a - 839, 4*t = -3*a + 6*a + 3281. Suppose 0 = -m - 4*m - 4*f + 1030, -t = -4*m + 2*f. Calculate the remainder when m is divided by 64.
14
Let y = 2 - -18. Let n = -67 - -73. Let r = y - n. Calculate the remainder when r is divided by 9.
5
Let t(m) be the third derivative of -77*m**4/12 - 85*m**3/6 - 19*m**2. What is the remainder when t(-6) is divided by 70?
69
Suppose -2*j + j + 5*h = -15, 45 = 5*j + 5*h. Suppose -2*a = x - 14, 2*a + 9 = -4*x + 113. Calculate the remainder when x is divided by j.
0
Let z(k) = -k**3 + 32*k**2 - 60*k + 59. Calculate the remainder when 352 is divided by z(30).
57
Let m(w) = -4*w + 3. Suppose 2*j + 2*j + 6 = -5*t, -2*t - 3 = j. Let i = 42 + -12. Calculate the remainder when i is divided by m(t).
8
Let j be (-2)/(3*6/27). Let v(r) = 10*r**2 + r + 1. Let o be v(-1). Calculate the remainder when 57 is divided by o/(-1*j*3/9).
7
Let r(f) = -f**3 - 85*f**2 - 187*f - 1408. What is the remainder when r(-83) is divided by 13?
10
Let r = -901 + 914. Let k(l) = -7*l + 2. Let d be k(-3). Let o = d - 16. What is the remainder when r is divided by o?
6
Let o be (-28)/(-21)*3/4. Let y be o/((28/(-12))/(-7)). What is the remainder when 22 is divided by (y + -8)*(0 - 12/10)?
4
Let m(r) = 93*r**2 + 3*r + 1. Calculate the remainder when m(-2) is divided by ((-13)/(-52))/(3/372).
26
Let g be 0/(6 + -2) - 4/(-2). What is the remainder when 6 is divided by (-5)/(8 + g)*(-12)/1?
0
Let r be 1 + (-1 - 116/(-4)). Suppose -r*h + 500 = -25*h. Suppose 0*f - h = -5*f. Calculate the remainder when 72 is divided by f.
22
Suppose -2*l - 55 = 5*q + 645, -l = -5*q + 350. Let r(y) = -y**3 - 9*y**2 - 2*y + 5. Calculate the remainder when 1/(l/